{"id":66,"date":"2021-10-23T11:53:59","date_gmt":"2021-10-23T15:53:59","guid":{"rendered":"http:\/\/doc.epassages.ca\/?page_id=66"},"modified":"2022-09-27T13:04:16","modified_gmt":"2022-09-27T18:04:16","slug":"3-2-transferer-le-questionnaire","status":"publish","type":"page","link":"https:\/\/doc.epassages.ca\/index.php\/3-2-transferer-le-questionnaire\/","title":{"rendered":"3.2  Transf\u00e9rer le questionnaire"},"content":{"rendered":"\n<!-- iframe plugin v.6.0 wordpress.org\/plugins\/iframe\/ -->\n<iframe loading=\"lazy\" src=\"https:\/\/uqam.ca.panopto.com\/Panopto\/Pages\/Embed.aspx?id=8d596f63-1482-4b73-a7c2-aeb400febcc0&#038;autoplay=false&#038;offerviewer=true&#038;showtitle=false&#038;showbrand=false&#038;captions=false&#038;interactivity=all\" height=\"405\" width=\"720\" style=\"border: 1px solid #464646;\" allowfullscreen scrolling=\"yes\" class=\"iframe-class\" frameborder=\"0\"><\/iframe>\n\n\n\n\n<p><\/p>\n\n\n\n<p class=\"has-text-align-center\">Une fois que j&rsquo;ai r\u00e9pondu \u00e0 la majorit\u00e9 des questions, je vais \u00eatre pr\u00eat pour transf\u00e9rer les r\u00e9ponses de mon questionnaire vers la r\u00e9alisation. Et l\u00e0, on voit que je suis dans l&rsquo;\u00e9diteur mais la r\u00e9alisation n&rsquo;est pas vide. Ce que j&rsquo;ai \u00e9crit dans la question 2, se retrouve dans la section Motivation. Ce que j&rsquo;ai \u00e9crit dans les r\u00e9ponses 3 \u00e0 8 se retrouve aussi dans la section \u00c9l\u00e9ments cl\u00e9s. Dans le d\u00e9roulement, on voit d\u00e9j\u00e0 un petit texte qui reprend toutes les r\u00e9ponses \u00e0 partir de la question 10 dans l&rsquo;ordre.<\/p>\n\n\n\n<p class=\"has-text-align-center\"><br>\u00c9videmment, il n&rsquo;y a rien qui me dit que l&rsquo;ordre des questions va avec l&rsquo;ordre des \u00e9v\u00e9nements. \u00c7a fait un point de d\u00e9part \u00e0 partir duquel je suis en mesure de d\u00e9velopper davantage, de commencer \u00e0 plus expliquer ce qui s&rsquo;est pass\u00e9, \u00e0 donner des d\u00e9tails sur l&rsquo;action. \u00c7a me donne un peu comme des points de rep\u00e8re \u00e0 partir desquels l\u00e0, je peux travailler.<\/p>\n","protected":false},"excerpt":{"rendered":"<p>Une fois que j&rsquo;ai r\u00e9pondu \u00e0 la majorit\u00e9 des questions, je vais \u00eatre pr\u00eat pour transf\u00e9rer les r\u00e9ponses de mon questionnaire vers la r\u00e9alisation. Et&#8230;<\/p>\n<div class=\"more-link-wrapper\"><a class=\"more-link\" href=\"https:\/\/doc.epassages.ca\/index.php\/3-2-transferer-le-questionnaire\/\">Continue reading<span class=\"screen-reader-text\">3.2  Transf\u00e9rer le questionnaire<\/span><\/a><\/div>\n","protected":false},"author":1,"featured_media":0,"parent":0,"menu_order":0,"comment_status":"closed","ping_status":"closed","template":"","meta":{"footnotes":""},"class_list":["post-66","page","type-page","status-publish","hentry","entry"],"_links":{"self":[{"href":"https:\/\/doc.epassages.ca\/index.php\/wp-json\/wp\/v2\/pages\/66","targetHints":{"allow":["GET"]}}],"collection":[{"href":"https:\/\/doc.epassages.ca\/index.php\/wp-json\/wp\/v2\/pages"}],"about":[{"href":"https:\/\/doc.epassages.ca\/index.php\/wp-json\/wp\/v2\/types\/page"}],"author":[{"embeddable":true,"href":"https:\/\/doc.epassages.ca\/index.php\/wp-json\/wp\/v2\/users\/1"}],"replies":[{"embeddable":true,"href":"https:\/\/doc.epassages.ca\/index.php\/wp-json\/wp\/v2\/comments?post=66"}],"version-history":[{"count":6,"href":"https:\/\/doc.epassages.ca\/index.php\/wp-json\/wp\/v2\/pages\/66\/revisions"}],"predecessor-version":[{"id":722,"href":"https:\/\/doc.epassages.ca\/index.php\/wp-json\/wp\/v2\/pages\/66\/revisions\/722"}],"wp:attachment":[{"href":"https:\/\/doc.epassages.ca\/index.php\/wp-json\/wp\/v2\/media?parent=66"}],"curies":[{"name":"wp","href":"https:\/\/api.w.org\/{rel}","templated":true}]}}