{"id":58,"date":"2021-10-23T11:51:13","date_gmt":"2021-10-23T15:51:13","guid":{"rendered":"http:\/\/doc.epassages.ca\/?page_id=58"},"modified":"2022-09-23T10:06:16","modified_gmt":"2022-09-23T15:06:16","slug":"2-4-consulter-les-exemples","status":"publish","type":"page","link":"https:\/\/doc.epassages.ca\/index.php\/2-4-consulter-les-exemples\/","title":{"rendered":"2.4  Consulter les exemples"},"content":{"rendered":"\n<p><\/p>\n\n\n\n<!-- iframe plugin v.6.0 wordpress.org\/plugins\/iframe\/ -->\n<iframe loading=\"lazy\" src=\"https:\/\/uqam.ca.panopto.com\/Panopto\/Pages\/Embed.aspx?id=20977f45-ceb4-47f0-b6bc-aeb400fe9a86&#038;autoplay=false&#038;offerviewer=true&#038;showtitle=false&#038;showbrand=false&#038;captions=false&#038;interactivity=all\" height=\"405\" width=\"720\" style=\"border: 1px solid #464646;\" allowfullscreen scrolling=\"yes\" class=\"iframe-class\" frameborder=\"0\"><\/iframe>\n\n\n\n\n<p class=\"has-text-align-center\">Je peux toujours revenir \u00e0 ma page de d\u00e9part en cliquant sur Portfolio. <\/p>\n\n\n\n<p class=\"has-text-align-center\"><br>Et je peux aussi voir des exemples, s&rsquo;il en existe. C&rsquo;est \u00e0 dire si des \u00e9tudiant\u00b7es avant moi ont partag\u00e9 leurs portfolios pour servir comme exemple.<\/p>\n\n\n\n<p class=\"has-text-align-center\">On remarque un petit point d&rsquo;interrogation qui nous permet en tout temps d&rsquo;acc\u00e9der \u00e0 la documentation. Il va vous amener \u00e0 diff\u00e9rents endroits d\u00e9pendant d&rsquo;ou vous \u00eates lorsque vous cliquez,<\/p>\n","protected":false},"excerpt":{"rendered":"<p>Je peux toujours revenir \u00e0 ma page de d\u00e9part en cliquant sur Portfolio. Et je peux aussi voir des exemples, s&rsquo;il en existe. C&rsquo;est \u00e0&#8230;<\/p>\n<div class=\"more-link-wrapper\"><a class=\"more-link\" href=\"https:\/\/doc.epassages.ca\/index.php\/2-4-consulter-les-exemples\/\">Continue reading<span class=\"screen-reader-text\">2.4  Consulter les exemples<\/span><\/a><\/div>\n","protected":false},"author":1,"featured_media":0,"parent":0,"menu_order":0,"comment_status":"closed","ping_status":"closed","template":"","meta":{"footnotes":""},"class_list":["post-58","page","type-page","status-publish","hentry","entry"],"_links":{"self":[{"href":"https:\/\/doc.epassages.ca\/index.php\/wp-json\/wp\/v2\/pages\/58","targetHints":{"allow":["GET"]}}],"collection":[{"href":"https:\/\/doc.epassages.ca\/index.php\/wp-json\/wp\/v2\/pages"}],"about":[{"href":"https:\/\/doc.epassages.ca\/index.php\/wp-json\/wp\/v2\/types\/page"}],"author":[{"embeddable":true,"href":"https:\/\/doc.epassages.ca\/index.php\/wp-json\/wp\/v2\/users\/1"}],"replies":[{"embeddable":true,"href":"https:\/\/doc.epassages.ca\/index.php\/wp-json\/wp\/v2\/comments?post=58"}],"version-history":[{"count":7,"href":"https:\/\/doc.epassages.ca\/index.php\/wp-json\/wp\/v2\/pages\/58\/revisions"}],"predecessor-version":[{"id":690,"href":"https:\/\/doc.epassages.ca\/index.php\/wp-json\/wp\/v2\/pages\/58\/revisions\/690"}],"wp:attachment":[{"href":"https:\/\/doc.epassages.ca\/index.php\/wp-json\/wp\/v2\/media?parent=58"}],"curies":[{"name":"wp","href":"https:\/\/api.w.org\/{rel}","templated":true}]}}