{"id":328,"date":"2022-02-17T13:01:38","date_gmt":"2022-02-17T18:01:38","guid":{"rendered":"https:\/\/doc.epassages.ca\/?page_id=328"},"modified":"2024-09-10T14:18:22","modified_gmt":"2024-09-10T19:18:22","slug":"referentiels-de-competences-professionnelles","status":"publish","type":"page","link":"https:\/\/doc.epassages.ca\/index.php\/referentiels-de-competences-professionnelles\/","title":{"rendered":"R\u00e9f\u00e9rentiels de comp\u00e9tences professionnelles"},"content":{"rendered":"\n<h3 class=\"wp-block-heading\" id=\"integres-a-passages\">int\u00e9gr\u00e9s \u00e0 <em>Passages<\/em><\/h3>\n\n\n\n<pre class=\"wp-block-verse\">Ordre des conseillers et conseill\u00e8res d'orientation du Qu\u00e9bec. (2004).\u00a0<em>Profil des comp\u00e9tences g\u00e9n\u00e9rales des conseillers d\u2019orientation<\/em>. <\/pre>\n\n\n\n<pre class=\"wp-block-verse\">Ordre des technologues en imagerie m\u00e9dicale, et en radio-oncologie et en \u00e9lectrophysiologie m\u00e9dicale du Qu\u00e9bec. (2018).&nbsp;<em>Profil d\u2019entr\u00e9e \u00e0 la profession\u202f:&nbsp; Technologue en imagerie m\u00e9dicale - Radiodiagnostic<\/em>. <\/pre>\n\n\n\n<pre class=\"wp-block-verse\">Qu\u00e9bec (Province), Minist\u00e8re de l\u2019\u00e9ducation, de l\u2019enseignement sup\u00e9rieur et de la recherche et Direction de la valorisation et de la formation du personnel enseignant. (2020).&nbsp;<em>R\u00e9f\u00e9rentiel de comp\u00e9tences professionnelles: profession enseignante<\/em>.&nbsp;<a href=\"https:\/\/cdn-contenu.quebec.ca\/cdn-contenu\/adm\/min\/education\/publications-adm\/devenir-enseignant\/referentiel_competences_professionnelles_profession_enseignante.pdf?1606848024\">https:\/\/numerique.banq.qc.ca\/patrimoine\/details\/52327\/4201942<\/a><\/pre>\n","protected":false},"excerpt":{"rendered":"<p>int\u00e9gr\u00e9s \u00e0 Passages Ordre des conseillers et conseill\u00e8res d&rsquo;orientation du Qu\u00e9bec. (2004).\u00a0Profil des comp\u00e9tences g\u00e9n\u00e9rales des conseillers d\u2019orientation. Ordre des technologues en imagerie m\u00e9dicale, et&#8230;<\/p>\n<div class=\"more-link-wrapper\"><a class=\"more-link\" href=\"https:\/\/doc.epassages.ca\/index.php\/referentiels-de-competences-professionnelles\/\">Continue reading<span class=\"screen-reader-text\">R\u00e9f\u00e9rentiels de comp\u00e9tences professionnelles<\/span><\/a><\/div>\n","protected":false},"author":1,"featured_media":0,"parent":0,"menu_order":0,"comment_status":"closed","ping_status":"closed","template":"","meta":{"footnotes":""},"class_list":["post-328","page","type-page","status-publish","hentry","entry"],"_links":{"self":[{"href":"https:\/\/doc.epassages.ca\/index.php\/wp-json\/wp\/v2\/pages\/328","targetHints":{"allow":["GET"]}}],"collection":[{"href":"https:\/\/doc.epassages.ca\/index.php\/wp-json\/wp\/v2\/pages"}],"about":[{"href":"https:\/\/doc.epassages.ca\/index.php\/wp-json\/wp\/v2\/types\/page"}],"author":[{"embeddable":true,"href":"https:\/\/doc.epassages.ca\/index.php\/wp-json\/wp\/v2\/users\/1"}],"replies":[{"embeddable":true,"href":"https:\/\/doc.epassages.ca\/index.php\/wp-json\/wp\/v2\/comments?post=328"}],"version-history":[{"count":7,"href":"https:\/\/doc.epassages.ca\/index.php\/wp-json\/wp\/v2\/pages\/328\/revisions"}],"predecessor-version":[{"id":781,"href":"https:\/\/doc.epassages.ca\/index.php\/wp-json\/wp\/v2\/pages\/328\/revisions\/781"}],"wp:attachment":[{"href":"https:\/\/doc.epassages.ca\/index.php\/wp-json\/wp\/v2\/media?parent=328"}],"curies":[{"name":"wp","href":"https:\/\/api.w.org\/{rel}","templated":true}]}}

Référentiels de compétences professionnelles

<h3 class="wp-block-heading" id="integres-a-passages">intégrés à <em>Passages</em></h3>



<pre class="wp-block-verse">Ordre des conseillers et conseillères d'orientation du Québec. (2004). <em>Profil des compétences générales des conseillers d’orientation</em>. </pre>



<pre class="wp-block-verse">Ordre des technologues en imagerie médicale, et en radio-oncologie et en électrophysiologie médicale du Québec. (2018).&nbsp;<em>Profil d’entrée à la profession :&nbsp; Technologue en imagerie médicale - Radiodiagnostic</em>. </pre>



<pre class="wp-block-verse">Québec (Province), Ministère de l’éducation, de l’enseignement supérieur et de la recherche et Direction de la valorisation et de la formation du personnel enseignant. (2020).&nbsp;<em>Référentiel de compétences professionnelles: profession enseignante</em>.&nbsp;<a href="https://cdn-contenu.quebec.ca/cdn-contenu/adm/min/education/publications-adm/devenir-enseignant/referentiel_competences_professionnelles_profession_enseignante.pdf?1606848024">https://numerique.banq.qc.ca/patrimoine/details/52327/4201942</a></pre>

<p>intégrés à Passages Ordre des conseillers et conseillères d&rsquo;orientation du Québec. (2004). Profil des compétences générales des conseillers d’orientation. Ordre des technologues en imagerie médicale, et&#8230;</p>
<div class="more-link-wrapper"><a class="more-link" href="https://doc.epassages.ca/index.php/referentiels-de-competences-professionnelles/">Continue reading<span class="screen-reader-text">Référentiels de compétences professionnelles</span></a></div>
