{"id":296,"date":"2022-02-17T11:08:31","date_gmt":"2022-02-17T16:08:31","guid":{"rendered":"https:\/\/doc.epassages.ca\/?page_id=296"},"modified":"2022-02-25T17:22:26","modified_gmt":"2022-02-25T22:22:26","slug":"contributions","status":"publish","type":"page","link":"https:\/\/doc.epassages.ca\/index.php\/contributions\/","title":{"rendered":"Contributions"},"content":{"rendered":"\n<p><\/p>\n\n\n\n<h2 class=\"wp-block-heading\" id=\"conception\"><a href=\"https:\/\/doc.epassages.ca\/index.php\/conception\/\" data-type=\"page\" data-id=\"324\">Conception<\/a><\/h2>\n\n\n\n<p><\/p>\n\n\n\n<h2 class=\"wp-block-heading\"><a href=\"https:\/\/doc.epassages.ca\/index.php\/partenaires-et-subventionnaires\/\" data-type=\"page\" data-id=\"385\">Partenaires<\/a><\/h2>\n\n\n\n<p><\/p>\n\n\n\n<h2 class=\"wp-block-heading\" id=\"profils-de-competences-integres-a-passages\">Profils de comp\u00e9tences int\u00e9gr\u00e9s \u00e0 <em>Passages<\/em> :<\/h2>\n\n\n\n<p><\/p>\n\n\n\n<h3 class=\"wp-block-heading\">\u2022 <a href=\"https:\/\/doc.epassages.ca\/index.php\/referentiels-de-competences-professionnelles\/\">R\u00e9f\u00e9rentiels de comp\u00e9tences professionnelles<\/a><\/h3>\n\n\n\n<p><\/p>\n\n\n\n<h3 class=\"wp-block-heading\">\u2022 <a href=\"https:\/\/doc.epassages.ca\/index.php\/programmes-de-la-formation-professionnelle\/\" data-type=\"page\" data-id=\"333\">Programmes de la formation professionnelle<\/a><\/h3>\n\n\n\n<p><\/p>\n\n\n\n<h3 class=\"wp-block-heading\">\u2022 <a href=\"https:\/\/doc.epassages.ca\/index.php\/programmes-de-la-formation-collegiale-technique\/\" data-type=\"page\" data-id=\"331\">Programmes de la formation coll\u00e9giale technique<\/a><\/h3>\n\n\n\n<p><\/p>\n\n\n\n<h3 class=\"wp-block-heading\">\u2022 <a href=\"https:\/\/doc.epassages.ca\/index.php\/autres-documents\/\" data-type=\"page\" data-id=\"355\">Autres documents<\/a><\/h3>\n\n\n\n<p><\/p>\n","protected":false},"excerpt":{"rendered":"<p>Conception Partenaires Profils de comp\u00e9tences int\u00e9gr\u00e9s \u00e0 Passages : \u2022 R\u00e9f\u00e9rentiels de comp\u00e9tences professionnelles \u2022 Programmes de la formation professionnelle \u2022 Programmes de la formation&#8230;<\/p>\n<div class=\"more-link-wrapper\"><a class=\"more-link\" href=\"https:\/\/doc.epassages.ca\/index.php\/contributions\/\">Continue reading<span class=\"screen-reader-text\">Contributions<\/span><\/a><\/div>\n","protected":false},"author":1,"featured_media":0,"parent":0,"menu_order":0,"comment_status":"closed","ping_status":"closed","template":"","meta":{"footnotes":""},"class_list":["post-296","page","type-page","status-publish","hentry","entry"],"_links":{"self":[{"href":"https:\/\/doc.epassages.ca\/index.php\/wp-json\/wp\/v2\/pages\/296","targetHints":{"allow":["GET"]}}],"collection":[{"href":"https:\/\/doc.epassages.ca\/index.php\/wp-json\/wp\/v2\/pages"}],"about":[{"href":"https:\/\/doc.epassages.ca\/index.php\/wp-json\/wp\/v2\/types\/page"}],"author":[{"embeddable":true,"href":"https:\/\/doc.epassages.ca\/index.php\/wp-json\/wp\/v2\/users\/1"}],"replies":[{"embeddable":true,"href":"https:\/\/doc.epassages.ca\/index.php\/wp-json\/wp\/v2\/comments?post=296"}],"version-history":[{"count":44,"href":"https:\/\/doc.epassages.ca\/index.php\/wp-json\/wp\/v2\/pages\/296\/revisions"}],"predecessor-version":[{"id":396,"href":"https:\/\/doc.epassages.ca\/index.php\/wp-json\/wp\/v2\/pages\/296\/revisions\/396"}],"wp:attachment":[{"href":"https:\/\/doc.epassages.ca\/index.php\/wp-json\/wp\/v2\/media?parent=296"}],"curies":[{"name":"wp","href":"https:\/\/api.w.org\/{rel}","templated":true}]}}