{"id":174,"date":"2022-01-11T16:03:17","date_gmt":"2022-01-11T20:03:17","guid":{"rendered":"https:\/\/doc.epassages.ca\/?page_id=174"},"modified":"2022-09-27T13:47:00","modified_gmt":"2022-09-27T18:47:00","slug":"7-1-le-cycle-des-realisations","status":"publish","type":"page","link":"https:\/\/doc.epassages.ca\/index.php\/7-1-le-cycle-des-realisations\/","title":{"rendered":"7 Le cycle des r\u00e9alisations"},"content":{"rendered":"\n<!-- iframe plugin v.6.0 wordpress.org\/plugins\/iframe\/ -->\n<iframe loading=\"lazy\" src=\"https:\/\/uqam.ca.panopto.com\/Panopto\/Pages\/Embed.aspx?id=6173e6d5-931f-49b6-a3a9-aeb400ffea40&#038;autoplay=false&#038;offerviewer=true&#038;showtitle=false&#038;showbrand=false&#038;captions=false&#038;interactivity=all\" height=\"405\" width=\"720\" style=\"border: 1px solid #464646;\" allowfullscreen scrolling=\"yes\" class=\"iframe-class\" frameborder=\"0\"><\/iframe>\n\n\n\n\n<p class=\"has-text-align-center\"><em>Le portfolio progresse en fonction du statut des r\u00e9alisations et, finalement, du portfolio lui-m\u00eame.<\/em><\/p>\n\n\n\n<ol class=\"has-text-color wp-block-list\" style=\"color:#213882\"><li>Lorsqu&rsquo;on ajoute une r\u00e9alisation au portfolio, celle-ci a le statut \u00ab Cr\u00e9\u00e9e \u00bb<\/li><li>Lorsqu&rsquo;on transfert les r\u00e9ponses du questionnaire, la r\u00e9alisation a d\u00e9sormais le statut \u00ab Esquisse \u00bb<\/li><\/ol>\n\n\n<div class=\"wp-block-image\">\n<figure class=\"aligncenter\"><img decoding=\"async\" src=\"https:\/\/epassages.ca\/static\/screenshots\/statut_esquisse.png\" alt=\"\"\/><\/figure>\n<\/div>\n\n\n<p class=\"has-text-align-center\">******************<\/p>\n\n\n\n<p class=\"has-text-align-center\"><em>Lorsqu&rsquo;on soumet une version, la r\u00e9alisation a alors le statut \u00ab Soumise \u00bb<\/em><\/p>\n\n\n<div class=\"wp-block-image\">\n<figure class=\"aligncenter\"><img decoding=\"async\" src=\"https:\/\/epassages.ca\/static\/screenshots\/statut_soumettre.png\" alt=\"\"\/><\/figure>\n<\/div>\n\n<div class=\"wp-block-image\">\n<figure class=\"aligncenter\"><img decoding=\"async\" src=\"https:\/\/epassages.ca\/static\/screenshots\/statut_soumise.png\" alt=\"\"\/><\/figure>\n<\/div>\n\n\n<ol class=\"has-text-color wp-block-list\" style=\"color:#213882\"><li>Une fois que le r\u00e9viseur enregistre sa r\u00e9troaction, la r\u00e9alisation a alors le statut \u00ab R\u00e9vis\u00e9e \u00bb<\/li><li>Lorsqu&rsquo;on recommence \u00e0 la modifier, la r\u00e9alisation retrouve le statut \u00ab Esquisse \u00bb<\/li><li>Et ainsi de suite jusqu&rsquo;\u00e0 ce que le r\u00e9viseur accorde \u00e0 la r\u00e9alisation le statut \u00ab Finale \u00bb<\/li><\/ol>\n\n\n<div class=\"wp-block-image\">\n<figure class=\"aligncenter\"><img decoding=\"async\" src=\"https:\/\/epassages.ca\/static\/screenshots\/statut_finale.png\" alt=\"\"\/><\/figure>\n<\/div>\n\n\n<p class=\"has-text-align-center\">******************<\/p>\n\n\n\n<p class=\"has-text-align-center\"><em>Lorsque toutes les r\u00e9alisations sont finales, alors le candidat doit finaliser le portfolio<\/em><\/p>\n\n\n<div class=\"wp-block-image\">\n<figure class=\"aligncenter\"><img decoding=\"async\" src=\"https:\/\/epassages.ca\/static\/screenshots\/statut_finaliser.png\" alt=\"\"\/><\/figure>\n<\/div>\n\n\n<p class=\"has-text-align-center\">******************<\/p>\n\n\n\n<ol class=\"has-text-color wp-block-list\" style=\"color:#213882\"><li>L&rsquo;enseignant transmet alors le portfolio \u00e0 l&rsquo;expert de contenu. Le portfolio obtient alors le statut \u00ab En r\u00e9vision \u00bb et le candidat n&rsquo;a plus acc\u00e8s au portfolio sauf pour ajouter des documents manquants<\/li><li>Une fois que l&rsquo;expert de contenu a termin\u00e9 son travail, le portfolio obtient le statut \u00ab R\u00e9vis\u00e9 \u00bb<\/li><li>L&rsquo;enseignant peut alors certifier le portfolio. Une fois que le portfolio a le statut \u00ab Certifi\u00e9 \u00bb, le candidat retrouve l&rsquo;acc\u00e8s complet, mais il n&rsquo;est plus possible de le modifier.<\/li><\/ol>\n\n\n<div class=\"wp-block-image\">\n<figure class=\"aligncenter\"><img decoding=\"async\" src=\"https:\/\/epassages.ca\/static\/screenshots\/statut_certifie.png\" alt=\"\"\/><\/figure>\n<\/div>\n\n\n<p class=\"has-text-align-center\"><\/p>\n\n\n\n<p class=\"has-text-align-center\"><\/p>\n\n\n\n<p class=\"has-text-align-center\"><\/p>\n","protected":false},"excerpt":{"rendered":"<p>Le portfolio progresse en fonction du statut des r\u00e9alisations et, finalement, du portfolio lui-m\u00eame. Lorsqu&rsquo;on ajoute une r\u00e9alisation au portfolio, celle-ci a le statut \u00ab&#8230;<\/p>\n<div class=\"more-link-wrapper\"><a class=\"more-link\" href=\"https:\/\/doc.epassages.ca\/index.php\/7-1-le-cycle-des-realisations\/\">Continue reading<span class=\"screen-reader-text\">7 Le cycle des r\u00e9alisations<\/span><\/a><\/div>\n","protected":false},"author":1,"featured_media":0,"parent":0,"menu_order":0,"comment_status":"closed","ping_status":"closed","template":"","meta":{"footnotes":""},"class_list":["post-174","page","type-page","status-publish","hentry","entry"],"_links":{"self":[{"href":"https:\/\/doc.epassages.ca\/index.php\/wp-json\/wp\/v2\/pages\/174","targetHints":{"allow":["GET"]}}],"collection":[{"href":"https:\/\/doc.epassages.ca\/index.php\/wp-json\/wp\/v2\/pages"}],"about":[{"href":"https:\/\/doc.epassages.ca\/index.php\/wp-json\/wp\/v2\/types\/page"}],"author":[{"embeddable":true,"href":"https:\/\/doc.epassages.ca\/index.php\/wp-json\/wp\/v2\/users\/1"}],"replies":[{"embeddable":true,"href":"https:\/\/doc.epassages.ca\/index.php\/wp-json\/wp\/v2\/comments?post=174"}],"version-history":[{"count":8,"href":"https:\/\/doc.epassages.ca\/index.php\/wp-json\/wp\/v2\/pages\/174\/revisions"}],"predecessor-version":[{"id":750,"href":"https:\/\/doc.epassages.ca\/index.php\/wp-json\/wp\/v2\/pages\/174\/revisions\/750"}],"wp:attachment":[{"href":"https:\/\/doc.epassages.ca\/index.php\/wp-json\/wp\/v2\/media?parent=174"}],"curies":[{"name":"wp","href":"https:\/\/api.w.org\/{rel}","templated":true}]}}