{"id":165,"date":"2022-01-11T16:01:45","date_gmt":"2022-01-11T20:01:45","guid":{"rendered":"https:\/\/doc.epassages.ca\/?page_id=165"},"modified":"2022-09-27T13:39:39","modified_gmt":"2022-09-27T18:39:39","slug":"6-4-lies-ses-documents-dans-ses-realisations","status":"publish","type":"page","link":"https:\/\/doc.epassages.ca\/index.php\/6-4-lies-ses-documents-dans-ses-realisations\/","title":{"rendered":"6.4 Ins\u00e9rer les documents dans ses r\u00e9alisations"},"content":{"rendered":"\n<!-- iframe plugin v.6.0 wordpress.org\/plugins\/iframe\/ -->\n<iframe loading=\"lazy\" src=\"https:\/\/uqam.ca.panopto.com\/Panopto\/Pages\/Embed.aspx?id=d88a8cab-8bbe-478c-ba1f-aeb400ffd3fb&#038;autoplay=false&#038;offerviewer=true&#038;showtitle=false&#038;showbrand=false&#038;captions=false&#038;interactivity=all\" height=\"405\" width=\"720\" style=\"border: 1px solid #464646;\" allowfullscreen scrolling=\"yes\" class=\"iframe-class\" frameborder=\"0\"><\/iframe>\n\n\n\n\n<p class=\"has-text-align-center\">Et dans mon d\u00e9roulement, je peux commencer \u00e0 utiliser ces documents. Si j&rsquo;ai un document que j&rsquo;ai joint comme preuve, je pourrais venir ici faire un lien vers ce document l\u00e0. J&rsquo;ai acc\u00e8s \u00e0 mon document de fa\u00e7on directe. \u00c7a, c&rsquo;est int\u00e9ressant pour le lecteur. \u00c7a rend le lien entre le texte et les documents beaucoup plus int\u00e9ressants. Et puis, \u00ab\u00a0Choisir une image\u00a0\u00bb.<\/p>\n\n\n\n<p class=\"has-text-align-center\">Evidemment, les preuves d&#8217;emploi, on ne les associe pas parce que ces documents ne sont pas int\u00e9ressants \u00e0 lire en lien avec le texte. On parle de documents qui viennent illustrer le texte.<\/p>\n","protected":false},"excerpt":{"rendered":"<p>Et dans mon d\u00e9roulement, je peux commencer \u00e0 utiliser ces documents. Si j&rsquo;ai un document que j&rsquo;ai joint comme preuve, je pourrais venir ici faire&#8230;<\/p>\n<div class=\"more-link-wrapper\"><a class=\"more-link\" href=\"https:\/\/doc.epassages.ca\/index.php\/6-4-lies-ses-documents-dans-ses-realisations\/\">Continue reading<span class=\"screen-reader-text\">6.4 Ins\u00e9rer les documents dans ses r\u00e9alisations<\/span><\/a><\/div>\n","protected":false},"author":1,"featured_media":0,"parent":0,"menu_order":0,"comment_status":"closed","ping_status":"closed","template":"","meta":{"footnotes":""},"class_list":["post-165","page","type-page","status-publish","hentry","entry"],"_links":{"self":[{"href":"https:\/\/doc.epassages.ca\/index.php\/wp-json\/wp\/v2\/pages\/165","targetHints":{"allow":["GET"]}}],"collection":[{"href":"https:\/\/doc.epassages.ca\/index.php\/wp-json\/wp\/v2\/pages"}],"about":[{"href":"https:\/\/doc.epassages.ca\/index.php\/wp-json\/wp\/v2\/types\/page"}],"author":[{"embeddable":true,"href":"https:\/\/doc.epassages.ca\/index.php\/wp-json\/wp\/v2\/users\/1"}],"replies":[{"embeddable":true,"href":"https:\/\/doc.epassages.ca\/index.php\/wp-json\/wp\/v2\/comments?post=165"}],"version-history":[{"count":7,"href":"https:\/\/doc.epassages.ca\/index.php\/wp-json\/wp\/v2\/pages\/165\/revisions"}],"predecessor-version":[{"id":742,"href":"https:\/\/doc.epassages.ca\/index.php\/wp-json\/wp\/v2\/pages\/165\/revisions\/742"}],"wp:attachment":[{"href":"https:\/\/doc.epassages.ca\/index.php\/wp-json\/wp\/v2\/media?parent=165"}],"curies":[{"name":"wp","href":"https:\/\/api.w.org\/{rel}","templated":true}]}}