{"id":161,"date":"2022-01-11T16:00:32","date_gmt":"2022-01-11T20:00:32","guid":{"rendered":"https:\/\/doc.epassages.ca\/?page_id=161"},"modified":"2022-09-27T13:35:32","modified_gmt":"2022-09-27T18:35:32","slug":"6-2-ajouter-ses-preuves","status":"publish","type":"page","link":"https:\/\/doc.epassages.ca\/index.php\/6-2-ajouter-ses-preuves\/","title":{"rendered":"6.2 Ajouter ses preuves"},"content":{"rendered":"\n<!-- iframe plugin v.6.0 wordpress.org\/plugins\/iframe\/ -->\n<iframe loading=\"lazy\" src=\"https:\/\/uqam.ca.panopto.com\/Panopto\/Pages\/Embed.aspx?id=918e695d-c78b-4685-9901-aeb400ffcbc7&#038;autoplay=false&#038;offerviewer=true&#038;showtitle=false&#038;showbrand=false&#038;captions=false&#038;interactivity=all\" height=\"405\" width=\"720\" style=\"border: 1px solid #464646;\" allowfullscreen scrolling=\"yes\" class=\"iframe-class\" frameborder=\"0\"><\/iframe>\n\n\n\n\n<p class=\"has-text-align-center\">Je clique sur \u00ab\u00a0Ajouter des documents\u00a0\u00bb, d&rsquo;autres documents parce que \u00e7a prend, par exemple, des preuves d&#8217;emploi et autres. J&rsquo;ai s\u00e9lectionn\u00e9 trois fichiers, je les ajoute. On peut les renommer en utilisant l&rsquo;outil crayon.<\/p>\n","protected":false},"excerpt":{"rendered":"<p>Je clique sur \u00ab\u00a0Ajouter des documents\u00a0\u00bb, d&rsquo;autres documents parce que \u00e7a prend, par exemple, des preuves d&#8217;emploi et autres. J&rsquo;ai s\u00e9lectionn\u00e9 trois fichiers, je les&#8230;<\/p>\n<div class=\"more-link-wrapper\"><a class=\"more-link\" href=\"https:\/\/doc.epassages.ca\/index.php\/6-2-ajouter-ses-preuves\/\">Continue reading<span class=\"screen-reader-text\">6.2 Ajouter ses preuves<\/span><\/a><\/div>\n","protected":false},"author":1,"featured_media":0,"parent":0,"menu_order":0,"comment_status":"closed","ping_status":"closed","template":"","meta":{"footnotes":""},"class_list":["post-161","page","type-page","status-publish","hentry","entry"],"_links":{"self":[{"href":"https:\/\/doc.epassages.ca\/index.php\/wp-json\/wp\/v2\/pages\/161","targetHints":{"allow":["GET"]}}],"collection":[{"href":"https:\/\/doc.epassages.ca\/index.php\/wp-json\/wp\/v2\/pages"}],"about":[{"href":"https:\/\/doc.epassages.ca\/index.php\/wp-json\/wp\/v2\/types\/page"}],"author":[{"embeddable":true,"href":"https:\/\/doc.epassages.ca\/index.php\/wp-json\/wp\/v2\/users\/1"}],"replies":[{"embeddable":true,"href":"https:\/\/doc.epassages.ca\/index.php\/wp-json\/wp\/v2\/comments?post=161"}],"version-history":[{"count":6,"href":"https:\/\/doc.epassages.ca\/index.php\/wp-json\/wp\/v2\/pages\/161\/revisions"}],"predecessor-version":[{"id":739,"href":"https:\/\/doc.epassages.ca\/index.php\/wp-json\/wp\/v2\/pages\/161\/revisions\/739"}],"wp:attachment":[{"href":"https:\/\/doc.epassages.ca\/index.php\/wp-json\/wp\/v2\/media?parent=161"}],"curies":[{"name":"wp","href":"https:\/\/api.w.org\/{rel}","templated":true}]}}